k = -c + 51 + 245. What are the prime factors of c?
2, 37
Suppose 5*c = q + 15, -5*c - 4*q + 1 = -14. Suppose 0 = -c*j + 2*f + 14, 0 = 3*j - 2*j - 3*f. List the prime factors of 178/2 + (j - 10).
5, 17
Suppose 3*g - 15 = 0, 0*x = x - 3*g + 13. Let c be ((-182)/4 + (6 - 2))*x. Let r = c - -125. List the prime factors of r.
2, 3, 7
Let s = -329 - -328. List the prime factors of 3/3 - 608/s.
3, 7, 29
Let r be ((-46)/3)/2*(13 - 7). Let v = r + 120. Let a = 123 - v. List the prime factors of a.
7
Let n = -148 - -3677. What are the prime factors of n?
3529
Let n(o) = 12*o**2 - 31*o + 16. Let f be n(-13). Suppose -4*q - 6*d = -3*d - f, 5*q - 5*d = 3015. What are the prime factors of q?
2, 19
Suppose 0 = 112*q - 4877795 + 760339. List the prime factors of q.
97, 379
Let u(z) = -1053*z + 3512. List the prime factors of u(-3).
7, 953
Let u(t) = -1013*t - 4743. List the prime factors of u(-7).
2, 587
Let f be ((-24)/(-3) - 2) + (4 - 6). Suppose -s + 4*k = s - 294, 5*s - f*k = 753. Suppose -903 = -6*t + s. What are the prime factors of t?
2, 11
Suppose -5*a - 155 = -z, -z - 4*a + 151 = -5*a. Suppose 2*y - 3*w - z = y, 5*w + 434 = 3*y. What are the prime factors of y?
2, 3, 23
Let t = 89 + -92. List the prime factors of ((-1350)/(-36))/(t/(-8)).
2, 5
Suppose -q + 2*c + 38543 = c, -2*q + 3*c + 77085 = 0. What are the prime factors of q?
2, 3, 11, 73
Let g(x) = 2*x - 4*x**2 - 2 - 4*x**2 + 9*x**2. List the prime factors of g(16).
2, 11, 13
Suppose 76*g - 15224 = 87*g. What are the prime factors of 10/(g/154 + 9)?
2, 5, 7, 11
Suppose -9 = -d - 3. Suppose 9*b - 1188 = d*b. Suppose -4*s = -4*h + b, 3*s + 218 - 539 = -3*h. List the prime factors of h.
103
Let a(j) = 4*j - 133. Let r be a(34). Let b be 2/(-4)*-6*1. Suppose 3*f - 2*f + r = 0, 5*f = -b*m + 66. List the prime factors of m.
3
What are the prime factors of 87965/(-2)*104/(-130)?
2, 73, 241
Let s = -1 - -3. Suppose -f + j = 27, -s*f + 2 = -j + 57. Let o = -26 - f. What are the prime factors of o?
2
Let s be -20*(15/(-16))/(11/44). Suppose 0 = 10*y - 15*y - s. Let b(q) = -6*q - 19. List the prime factors of b(y).
71
Suppose -w + 9289 = 2*j, 0 = -2*j - 4*w + 11632 - 2328. List the prime factors of j.
2, 11, 211
Suppose 4*t - t + i = 46, 2*i = -10. Suppose 27*d - t*d = 430. List the prime factors of d.
43
Suppose g = 5*x - 160260, 74*x - 79*x + 2*g + 160255 = 0. What are the prime factors of x?
7, 19, 241
Let q(h) = 4938*h + 7589. What are the prime factors of q(6)?
37217
Suppose -85*j = -3*c - 81*j + 40762, -13592 = -c - j. List the prime factors of c.
2, 3, 5, 151
Let s(b) = 101*b. Let l be s(2). Let f = -702 + 707. Suppose -l - 348 = -f*k. What are the prime factors of k?
2, 5, 11
Let h(s) = -s**3 + 11*s**2 + 14*s + 13. Suppose 0 = 14*i - 9*i - 50. Let m be 2*(-15)/i - -14. What are the prime factors of h(m)?
167
Let o(r) = -1635*r - 146. What are the prime factors of o(-4)?
2, 23, 139
Suppose 4*t - 40 = 4*q + 132, t - 43 = -3*q. Suppose 0 = t*n - 40*n. Let x(w) = -w**3 - 2*w + 66. List the prime factors of x(n).
2, 3, 11
Suppose -3*r + 4*z - 581 = 0, 4*r + 5*z = 2*r - 418. What are the prime factors of (2/(-1) - r)/(2 + -1)?
197
Let l(c) = -5*c**3 + 5 + 6*c**3 + 4*c**2 - 5*c - 2 + 7*c. Let f be l(-3). Suppose -f*j + 304 = -2*j. What are the prime factors of j?
2, 19
Let w(t) = -t**3 + 89*t**2 - 113*t - 1241. What are the prime factors of w(85)?
2, 3, 17, 59
Let i(s) = -34 - 185*s - 1 + 3. Let p be i(-3). Suppose 0 = 11*h - 1678 + p. List the prime factors of h.
3, 5, 7
Let i(b) = -230*b. Suppose -4*n + 5*x = -0*n + 16, n - 3*x + 4 = 0. Let u be n/1*(-4 - 85/(-20)). What are the prime factors of i(u)?
2, 5, 23
What are the prime factors of (-141)/((120/252)/(-10))?
3, 7, 47
Let z(u) = -20467*u - 184. List the prime factors of z(-1).
3, 6761
Let p = -209 + 209. Suppose 125*l - 119*l - 1218 = p. What are the prime factors of l?
7, 29
Let g = 173 - 90. Let w = 88 - g. Suppose w*b - 1034 - 66 = 0. List the prime factors of b.
2, 5, 11
Let o = 20466 - -5441. List the prime factors of o.
7, 3701
Suppose 11232 = -3*r + 7*r - 6792. List the prime factors of r.
2, 3, 751
Let b be (-31 - (-8 - -5))*(-5)/4. Suppose b*t + 6 = 33*t. List the prime factors of (-1)/t - (718/6)/(-1).
2, 3, 5
Suppose 3*c - 1093 = -2*d, -c = d - 322 - 41. Suppose 0 = -3*w - c + 2065. List the prime factors of w.
2, 283
Let b(y) = y**3 + 5*y**2 + 3*y + 22. Let f be b(-7). List the prime factors of (-5)/5 + 1 - f.
97
Suppose -5*c - 5*u = -3*u - 25095, 0 = 3*u. Suppose 0 = 5*v + 4*p - c - 1225, v - 3*p - 1245 = 0. Suppose -2*d - v = -8*d. What are the prime factors of d?
2, 13
Let r(b) = 28*b**2 + 91*b + 627. List the prime factors of r(-35).
2, 59, 269
Let y be ((-85)/15 - -6)/(1/36). Suppose 0 = -5*k - 4*d - 205, 2*k - 4*d + 64 = -18. Let z = y - k. What are the prime factors of z?
53
Suppose -20*j + 4 = -56. Let y(k) = 122*k - 5. List the prime factors of y(j).
19
List the prime factors of (-6)/(-33) + (-1)/(22/(-650008)).
2, 11, 17, 79
Let a(h) = h**3 + 18*h**2 + 13*h + 23. Let q(v) = -20*v**2 - 4*v + v**3 + 13 + 2 + 15*v**2. Let c be q(4). What are the prime factors of a(c)?
7, 13
Let r(t) = -22*t + 124. Let n be r(-27). Suppose 4*f - n = -h, -7*h + 6*h - 722 = -4*f. What are the prime factors of f?
2, 3, 5
Let a(q) = -1 + 14*q**2 + 5 + 73*q**2 + 35*q**2. What are the prime factors of a(2)?
2, 3, 41
What are the prime factors of 1*-4703*(1 - 3/((-18)/(-12)))?
4703
Suppose 0 = -6*p - 925 + 283. Let l = 276 + p. What are the prime factors of l?
13
Let z(x) = -x**3 + 4*x**2 - 7*x - 17. Let m(b) = -b**3 + 3*b**2 - 6*b - 15. Let l(d) = -4*m(d) + 3*z(d). List the prime factors of l(7).
373
Let o be ((-9)/2)/(8 + 13270/(-1660)). Let j = 1871 + o. List the prime factors of j.
2, 281
Let u(n) = n. Let i(o) = 4*o + 12. Let s(a) = -i(a) + 2*u(a). Let j be s(-6). Suppose -4*m + j*m + 108 = 0. What are the prime factors of m?
3
Let a(x) = -49*x - 153. Let b = 291 - 314. List the prime factors of a(b).
2, 487
Let b(g) = 9*g**3 - 13*g**2 + 117*g - 41. What are the prime factors of b(12)?
7, 307
Let n = 6707 - 2800. What are the prime factors of n?
3907
Suppose 4*v - 471 = 581. Let j = -2824 + 4121. Suppose v = 12*x - j. What are the prime factors of x?
2, 5, 13
Let f be -17 - 9*(-2)/6. List the prime factors of ((-9106)/f - (-56)/98) + 5.
2, 41
Suppose -3*j + 6 = -3*w + j, 3*w = -5*j + 21. Suppose w*c - 72 = 4*c. Let s = 13 - c. List the prime factors of s.
7
Suppose -20*u - 5*u + 15133 = -24*u. What are the prime factors of u?
37, 409
Suppose -4*j - 180 = -5*h, h - 4*j + 180 = 5*h. Suppose 0 = -h*n + 56*n - 21712. What are the prime factors of n?
23, 59
Let u = 99721 + -60579. List the prime factors of u.
2, 19571
Let x = 32602 + -14078. What are the prime factors of x?
2, 11, 421
Let y(g) = -62*g - 104. Let s be y(-21). Suppose p + d = 239, 0*p + 4*d - s = -5*p. What are the prime factors of p?
2, 11
Let l(y) = 2*y**2 + 14*y - 14. Let b be l(-8). Suppose -5*m - 27 = -b, 1600 = 5*n + m. What are the prime factors of n?
3, 107
Let q(f) = 146*f + 145. Let p be q(-6). Let v = p - -1504. List the prime factors of v.
773
Suppose 0 = -11*r - 83*r + 607892 - 155282. What are the prime factors of r?
3, 5, 107
Suppose -5*o + 65644 = -3*f, -4*o - 2*f + 3986 = -48538. What are the prime factors of o/16 - 168/(-448)?
821
Suppose -51*t - 17*t = -305252. List the prime factors of t.
67
Let k be 6 + -3 + -3*10/(-15). Suppose 8*v - 904 = -4*f + 3*v, k*v = 4*f - 904. What are the prime factors of f?
2, 113
Suppose 40 = 4*s + 136. What are the prime factors of 730/4 + 12/s?
2, 7, 13
Let k = -3550 - -6027. Suppose 0 = -6*h + k + 1405. Let m = h - 453. What are the prime factors of m?
2, 97
Let j(i) be the first derivative of -203*i**2/2 + 3*i + 24. List the prime factors of j(-1).
2, 103
Suppose -69 + 60 = -3*t. Suppose -t*x + 20*x - 10268 = 0. What are the prime factors of x?
2, 151
Suppose -3*w + 14*w = 31592. List the prime factors of w.
2, 359
Suppose -935542 = 25*l - 50*l - 50692. What are the prime factors of l?
2, 3, 17, 347
Let f(n) = -16*n - 55. Let m be f(-4). Let v(k) = 3*k**3 - 17*k**2 - 11*k + 11. List the prime factors of v(m).
2, 19
Let z = -170 + 180. Suppose 14*g - 352 = z*g. List the prime factors of g.
2, 11
Let d = 140 - 144. What are the prim